uppose 4*d + 1 = 9. What is the units digit of d*1 + -3 + 3?
2
What is the units digit of ((-12)/(-10))/6 + 298/10?
0
Let b(y) = y + 15. Let k be b(-12). Suppose k*g - 66 = -5*j - 0*g, 5*j = 3*g + 54. What is the tens digit of j?
1
Suppose -6 = 5*w - 2*r, 3*w - r + 5 = 2. Suppose w*m - 6 = -3*m. What is the units digit of m?
2
Let d = -9 - -12. Suppose -14 = u - d*u. What is the units digit of u?
7
Suppose 4*x = -3*j + 3, x + 2*x - 3*j + 3 = 0. Suppose -w + 16 = -x*w. What is the units digit of w?
6
Let l = -31 + 11. Let t = -10 - l. Suppose 2*c - 32 = -5*o + t, 18 = o - 2*c. What is the units digit of o?
0
Let f = -276 - -460. What is the hundreds digit of f?
1
Let p(o) = -o**3 + 7*o**2 - 4*o + 2. What is the tens digit of p(6)?
1
Let n(h) = -h + 5. Let s(o) = o**2 + 3*o. Let q = 3 - 6. Let z be s(q). What is the units digit of n(z)?
5
Let s = 8 + -2. Suppose -25 = s*z - 127. What is the tens digit of z?
1
Let a = -26 + 64. Let g = 69 - a. What is the tens digit of g?
3
Let t = 8 + -5. Suppose t*b - 20 = -b. What is the units digit of b?
5
What is the hundreds digit of ((-10)/(-85) - (-38)/(-34))*-139?
1
Suppose 6*g - 8 - 226 = 0. What is the units digit of g?
9
Let n = 1 - -1. What is the tens digit of 460/36 + n/9?
1
Let f = 5 - 15. Let l = 0 - f. Suppose 0 = -0*i - i + l. What is the tens digit of i?
1
Let x(n) = n. Let r(w) = 2*w**3 + w**2 + 3*w + 2. Let u(c) = r(c) - 4*x(c). What is the units digit of u(2)?
0
Let h = -2 + 13. Suppose 2*y - h = b, 3*y + 0*b + 16 = -5*b. Suppose 0 = -k - y*k + 32. What is the units digit of k?
8
Let y = 46 + -28. Suppose -u + h + 15 = -y, 135 = 5*u + h. What is the units digit of u?
8
Let t be 1/4 - 35/(-4). Let b = 14 - t. Suppose -u = b*o - 12, 0 = -5*u - 0*o + o + 34. What is the units digit of u?
7
Let g = 85 - 54. What is the tens digit of g?
3
Suppose -l = 2*q - 52, -2*l = 3*q - 46 - 33. Suppose -5*g - 5*w = -q, -3*g + 15 - 6 = w. Suppose -15 - 7 = -g*n. What is the tens digit of n?
1
Let g(p) = 2*p + 1. Let j be g(2). Let a = 5 - j. Suppose 0*z - 8 = -z - b, 2*z + 4*b - 14 = a. What is the units digit of z?
9
Suppose 4*j - 15 = 4*l + 13, -4*l = -2*j + 20. What is the units digit of (-258)/(-30) + j/10?
9
Let m(j) = j**3 + 9*j**2 + 8*j + 4. Let f be m(-8). Suppose y = 2*b - 4*b + f, 8 = 4*b - 5*y. What is the tens digit of 12 - b - -1 - 1?
1
Let i be -1*2*(-17)/2. Let a = 4 + i. What is the tens digit of (-238)/a*6/(-4)?
1
Suppose 5*t - 63 = 32. Let w be (-1)/3 - t/(-3). Suppose w*y - 3*y = 9. What is the units digit of y?
3
Let d = 9 + 12. What is the tens digit of d?
2
Let x = 224 + -127. What is the units digit of x?
7
Let a(j) = 3*j**2 + 6*j + 2. What is the tens digit of a(-4)?
2
Let g(j) = j**2 + 6*j + 3. What is the tens digit of g(-8)?
1
Suppose 5*f = 2*m + 94, 3*m - 107 + 23 = -5*f. What is the tens digit of f?
1
Let x = 6 + -5. What is the units digit of -4 + 5 - (x + -1)?
1
Let s = 55 + -52. What is the units digit of s?
3
Let k(j) = 5*j + 1. Let s be k(1). Let u(c) = c - 5. Let o be u(s). Suppose -3*t = -8 - o. What is the units digit of t?
3
Let t(k) be the second derivative of k**4/12 - k**3 + 3*k**2 + 2*k. Let x be t(6). Suppose 2*j = 48 - x. What is the units digit of j?
1
Let x be (2/5)/((-1)/(-5)). Suppose -x*q = -3*q + 13. What is the units digit of q?
3
Suppose 5*g - 11 = -4*m, -1 = 3*g + 2. Suppose 0*v = -5*q - 3*v + 61, -m*q + v + 42 = 0. What is the tens digit of q?
1
Let w = 43 + -25. Suppose -4*q + 38 = -w. What is the tens digit of q?
1
Let n be 1/(-5) + (-152)/40. Let b be 3/((-6)/n) - 1. What is the units digit of b/3 + 20/3?
7
Let n(y) = -y**3 + 2*y**2 + 5*y - 2. Let o be ((-6)/8)/(2/(-8)). Let g be n(o). Suppose -5 = -u + g*z, -u - 1 = -5*z - 7. What is the units digit of u?
1
Suppose 4*x = -0*x. Suppose -2*r - 2*w + x*w + 98 = 0, 145 = 3*r + 2*w. What is the units digit of r?
7
Let x(o) = -o**3 + 9*o**2 + 9*o + 21. What is the tens digit of x(9)?
0
Let l = -2 - -5. Suppose l*v = 4*w + 22, v + w + 3 - 1 = 0. What is the units digit of v/(1 - 9/15)?
5
Let j(n) = 17*n**3 - 2*n**2 + n - 4. What is the hundreds digit of j(2)?
1
Let n = -2 + 6. Suppose 0 = n*c - 7*c + 21. What is the units digit of c?
7
Let j(o) = o**2 + 2*o + 4. Let v be j(-5). Let f = -18 + v. What is the units digit of f?
1
Let k = 90 - 48. What is the tens digit of k?
4
Let h(k) = -4*k - 20. What is the tens digit of h(-15)?
4
Let z be 2/(1 + (-3)/6). Let b be (-3 + z)/(2/10). Suppose -3*c = -4*x - 4, 5*c - 11 = -b*x + 19. What is the units digit of x?
2
Let a = 3 - -15. Let p = a + -11. Suppose -5*s + 3*w + p = -6, 0 = -3*s + 2*w + 7. What is the units digit of s?
5
Let g(j) = j**3 - j**2 - j + 3. Let v be g(0). Suppose -v*o + 15 = -3. What is the units digit of (-4)/o + (-52)/(-6)?
8
Let i(b) = b**3 + 10*b**2 + 10*b + 6. Let k be i(-9). What is the units digit of (-1 + 3)/(-1) - k?
1
Suppose 3*w = -6 - 21. What is the units digit of (2/7)/(w/(-63))?
2
Let y(g) = g**2 - 3*g - 2. Let k be y(4). Let b = k - 2. Suppose 0 = 5*c + 10, 0 = 3*m - b*c - c - 32. What is the tens digit of m?
1
What is the tens digit of ((-248)/6)/((-6)/9)?
6
Let p be 315/10 - 3/6. Suppose r = -w - r + p, 99 = 5*w - 4*r. What is the tens digit of w?
2
Let a = 3 + -3. Suppose a = 2*o - o - 1. Suppose 5*i + o = 6, -4*v - 3*i = -43. What is the units digit of v?
0
Let s(k) = k - 3 - k**3 - 2*k - 4*k**2 - 3*k + 0*k**2. Let b be s(-2). What is the units digit of (6/(-9))/(1/b)?
2
Suppose -2*k + 5 + 3 = 0. Suppose -k*q = -0*q - 96. What is the units digit of q?
4
Suppose -2*y = 5*p - 330, y + 416 = 4*p + 165. What is the units digit of p?
4
What is the units digit of 28/(-7) + 1 + (0 - -4)?
1
Let q be -1 - (-3)/(-3)*5. Let a(d) = -2*d - 2. What is the units digit of a(q)?
0
Suppose 2*g - p + 24 = 3*g, -g + 28 = 2*p. Suppose -6*d + g = -d. Suppose 0 = -x + d*x - 18. What is the units digit of x?
6
Let m be 19/(-1) + 2 + -4. Let b = 27 + m. What is the units digit of b?
6
Let j(k) = k**3 - 3*k**2 - 3*k - 2. Let g be j(4). Let y(c) = 2 + 2*c**2 - g. What is the units digit of y(-2)?
8
Let w(q) = 2*q + 55. What is the tens digit of w(0)?
5
Suppose -s + 0 = 11. Let o be (-4)/(-10) - 83/(-5). Let n = s + o. What is the units digit of n?
6
Suppose -2*b - 4 = -s, -s - 3*s + 19 = -5*b. Suppose s*f + 70 = f. Let z = f - -23. What is the units digit of z?
9
Let t(y) = 3*y**3 + y**2 + y. Let s be t(-1). What is the units digit of -3*38/s - 3?
5
Let i(y) = 16*y - 15. What is the units digit of i(7)?
7
Let s = 132 + -58. What is the tens digit of s?
7
Let v = 109 + -41. What is the tens digit of v?
6
Let h = 260 - 179. What is the tens digit of h?
8
Let m be (18/(-12))/(2/(-4)). Suppose 0 = -h - m - 1. Let d = h - -8. What is the units digit of d?
4
Suppose -9 = a + 2. Let c = a + 14. What is the units digit of c?
3
Let d(g) = -22*g**2 + 2*g + 1. Let w be d(-2). Let l = -60 - w. What is the units digit of l?
1
Suppose 4*t + 2*t - 396 = 0. What is the tens digit of t?
6
Let g = 13 - 21. Let h = g + 18. What is the units digit of h/1 - (3 - 1)?
8
Suppose 7*x - 2*x - 15 = 0, 4*i = 2*x + 2. Suppose 2*v - 5*q + 1 = -11, -i*v = 3*q + 28. Let k = v - -15. What is the units digit of k?
4
Suppose 0 = 6*v - 2*v - 3*i + 48, v = 5*i - 29. What is the units digit of v/(28/(-8) - -2)?
6
Suppose 7*k - 71 = 5*k - s, 2*k + 3*s - 61 = 0. What is the units digit of k?
8
Suppose x - 8 = -x. Suppose 3 - 13 = -5*m. Let t = x - m. What is the units digit of t?
2
Suppose 189 + 123 = 4*t. What is the tens digit of -1*1/(-3)*t?
2
Let u(z) = -3*z. Let b(f) = -10*f. Let h(x) = -6*b(x) + 21*u(x). What is the units digit of h(-5)?
5
Let b(c) = c + 18. Let d be b(0). Let k = d + -48. What is the units digit of 4/10 - 468/k?
6
Suppose 3*x = 7*x - 12. Let u(d) = 2*d**3 + 6*d**2 - d - 3. Let g(p) = p**3 + 5*p**2 - 3. Let o(q) = 3*g(q) - 2*u(q). What is the units digit of o(x)?
3
Let g(b) = -5*b**3 + b**2 + 3*b + 3. Let i be g(-2). Suppose -4*t = 5*a - 82 - 8, -2*a + 96 = 4*t. Let n = i - t. What is the units digit of n?
6
Suppose -m - 124 = -5*m. What is the tens digit of m?
3
Let p = 68 - 12. Let o = -14 + p. What is the units digit of o?
2
Let s = 14 - 25. Let l(a) = 3*a**2 + 8*a - 9. Let z(t) = 8*t**2 + 24*t - 26. Let c(f) = s*l(f) + 4*z(f). What is the units digit of c(6)?
7
